726404.
2, 3, 47, 3061
List the prime factors of 21692911.
21692911
List the prime factors of 5297978.
2, 7, 7723
List the prime factors of 4459086.
2, 3, 191, 1297
What are the prime factors of 10302633?
3, 11, 31, 373
List the prime factors of 2766707.
911, 3037
List the prime factors of 2332327.
2332327
What are the prime factors of 218978?
2, 103, 1063
List the prime factors of 2779408.
2, 173713
What are the prime factors of 17353?
7, 37, 67
List the prime factors of 158435.
5, 31687
List the prime factors of 15049856.
2, 117577
What are the prime factors of 1407111?
3, 469037
What are the prime factors of 4895947?
7, 71, 9851
What are the prime factors of 10683012?
2, 3, 59, 79, 191
What are the prime factors of 1721187?
3, 13, 47, 313
What are the prime factors of 121311?
3, 4493
What are the prime factors of 143093?
143093
What are the prime factors of 10276812?
2, 3, 7, 13, 3137
What are the prime factors of 444100?
2, 5, 4441
List the prime factors of 3329522.
2, 7, 19, 12517
What are the prime factors of 4636071?
3, 11, 46829
What are the prime factors of 742827?
3, 247609
What are the prime factors of 148365?
3, 5, 7, 157
List the prime factors of 112061.
112061
What are the prime factors of 811706?
2, 7, 37, 1567
What are the prime factors of 94148?
2, 23537
What are the prime factors of 11828220?
2, 3, 5, 197137
What are the prime factors of 994321?
994321
List the prime factors of 177713.
71, 2503
What are the prime factors of 6789275?
5, 271571
List the prime factors of 4201235.
5, 67, 12541
List the prime factors of 8664982.
2, 71, 139, 439
List the prime factors of 172727.
53, 3259
What are the prime factors of 323305?
5, 64661
What are the prime factors of 68832?
2, 3, 239
What are the prime factors of 1858550?
2, 5, 37171
What are the prime factors of 336800?
2, 5, 421
What are the prime factors of 2350962?
2, 3, 211, 619
What are the prime factors of 652022?
2, 7, 46573
List the prime factors of 2691120.
2, 3, 5, 11213
What are the prime factors of 45047?
107, 421
What are the prime factors of 5105494?
2, 23, 110989
What are the prime factors of 6145305?
3, 5, 269, 1523
List the prime factors of 17003913.
3, 5667971
List the prime factors of 219181.
17, 12893
List the prime factors of 813534.
2, 3, 135589
What are the prime factors of 284016?
2, 3, 61, 97
What are the prime factors of 714539?
7, 102077
List the prime factors of 148038.
2, 3, 11, 2243
What are the prime factors of 810411?
3, 7, 37, 149
List the prime factors of 393483.
3, 31, 4231
List the prime factors of 489896.
2, 11, 19, 293
What are the prime factors of 2874723?
3, 31, 30911
List the prime factors of 1358832.
2, 3, 28309
List the prime factors of 461143.
461143
What are the prime factors of 7328309?
17, 431077
What are the prime factors of 335445?
3, 5, 11, 19, 107
List the prime factors of 12692928.
2, 3, 66109
What are the prime factors of 52618?
2, 26309
What are the prime factors of 1760483?
19, 92657
List the prime factors of 246760.
2, 5, 31, 199
List the prime factors of 420666.
2, 3, 70111
List the prime factors of 9437294.
2, 37, 73, 1747
What are the prime factors of 21328611?
3, 1291, 5507
List the prime factors of 77227.
29, 2663
List the prime factors of 645130.
2, 5, 64513
List the prime factors of 61453.
7, 8779
List the prime factors of 7121834.
2, 37, 157, 613
What are the prime factors of 296242?
2, 17, 8713
List the prime factors of 1294252.
2, 257, 1259
What are the prime factors of 351314?
2, 269, 653
What are the prime factors of 1073912?
2, 7, 127, 151
What are the prime factors of 1582088?
2, 17, 11633
What are the prime factors of 500071?
11, 13, 269
What are the prime factors of 346169?
346169
What are the prime factors of 507381?
3, 7, 37, 653
List the prime factors of 15778273.
7, 373, 6043
What are the prime factors of 571871?
571871
What are the prime factors of 1181803?
7, 197, 857
What are the prime factors of 5916775?
5, 311, 761
List the prime factors of 780768.
2, 3, 2711
List the prime factors of 181798.
2, 17, 5347
What are the prime factors of 2640458?
2, 43, 30703
List the prime factors of 353989.
19, 31, 601
List the prime factors of 152919.
3, 13, 1307
What are the prime factors of 1722553?
7, 53, 4643
List the prime factors of 12491226.
2, 3, 11, 17, 1237
List the prime factors of 821758.
2, 7, 79, 743
List the prime factors of 153153.
3, 7, 11, 13, 17
List the prime factors of 1307986.
2, 653993
What are the prime factors of 1587918?
2, 3, 383, 691
What are the prime factors of 1966113?
3, 29, 31
List the prime factors of 1022937.
3, 340979
What are the prime factors of 3373424?
2, 210839
What are the prime factors of 4003267?
1039, 3853
What are the prime factors of 7917479?
47, 168457
What are the prime factors of 1195951?
37, 32323
List the prime factors of 374803.
11, 13, 2621
What are the prime factors of 4531815?
3, 5, 33569
What are the prime factors of 1027010?
2, 5, 102701
What are the prime factors of 6412657?
6412657
List the prime factors of 291140.
2, 5, 14557
What are the prime factors of 2308?
2, 577
List the prime factors of 8338665.
3, 5, 631, 881
List the prime factors of 14382051.
3, 17, 282001
What are the prime factors of 3046642?
2, 59, 25819
What are the prime factors of 109539?
3, 4057
List the prime factors of 395719.
395719
What are the prime factors of 126213?
3, 42071
What are the prime factors of 238015?
5, 181, 263
What are the prime factors of 1338453?
3, 127, 1171
What are the prime factors of 607103?
7, 86729
List the prime factors of 759528.
2, 3, 7, 11, 137
List the prime factors of 1078291.
37, 151, 193
What are the prime factors of 8333817?
3, 29, 95791
List the prime factors of 392611.
392611
What are the prime factors of 76824?
2, 3, 11, 97
What are the prime factors of 233991?
3, 25999
List the prime factors of 29544294.
2, 3, 13, 47, 8059
What are the prime factors of 832290?
2, 3, 5, 27743
What are the prime factors of 2095202?
2, 163, 6427
List the prime factors of 1283279.
17, 19, 29, 137
List the prime factors of 516647.
17, 30391
What are the prime factors of 28044704?
2, 83, 10559
What are the prime factors of 1085223?
3, 19, 79, 241
List the prime factors of 19235644.
2, 4808911
List the prime factors of 10826958.
2, 3, 1804493
List the prime factors of 198819.
3, 22091
List the prime factors of 10021865.
5, 7, 281, 1019
List the prime factors of 30451190.
2, 5, 7, 11, 71, 557
List the prime factors of 4090099.
13, 314623
What are the prime factors of 139513?
11, 1153
List the prime factors of 714859.
61, 11719
What are the prime factors of 3392346?
2, 3, 565391
List the prime factors of 224370.
2, 3, 5, 277
List the prime factors of 76426.
2, 7, 53, 103
List the prime factors of 3017624.
2, 29, 13007
What are the prime factors of 495751?
495751
List the prime factors of 761539.
19, 149, 269
List the prime factors of 444058.
2, 222029
List the prime factors of 664787.
229, 2903
What are the prime factors of 437446?
2, 218723
What are the prime factors of 354884?
2, 88721
List the prime factors of 106304.
2, 11, 151
List the prime factors of 2933278.
2, 1466639
List the prime factors of 31212.
2, 3, 17
List the prime factors of 3291920.
2, 5, 41149
List the prime factors of 2016528.
2, 3, 43, 977
List the prime factors of 2799971.
1193, 2347
List the prime factors of 285462.
2, 3, 15859
What are the prime factors of 460921?
17, 19, 1427
What are the prime factors of 370863?
3, 89, 463
List the prime factors of 550141.
223, 2467
What are the prime factors of 2129176?
2, 7, 193, 197
List the prime factors of 1004748.
2, 3, 101, 829
List the prime factors of 263279.
17, 911
What are the prime factors of 459445?
5, 7, 13127
List the prime factors of 23840768.
2, 7, 1663
List the prime factors of 8525122.
2, 4262561
What are the prime factors of 511606?
2, 255803
List the prime factors of 25473844.
2, 11, 61, 9491
What are the prime factors of 1091318?
2, 89, 6131
What are the prime factors of 13194630?
2, 3, 5, 48869
What are the prime factors of 281260?
2, 5, 7, 41
What are the prime factors of 862155?
3, 5, 7, 17, 23
List the prime factors of 23128207.
353, 65519
List the prime factors of 957252.
2, 3, 241, 331
List the prime factors of 1264827.
3, 421609
What 